e number?
True
Let f(r) = 13*r**2 + r - 1. Suppose 2*b + b - 11 = -4*l, l + 1 = 3*b. Is f(l) a composite number?
False
Let x = 935 + -460. Suppose 4*w - 312 = -2*j, -j + w = 2*j - x. Suppose c = -c + j. Is c composite?
False
Suppose -2*b = 5*l - 965, 0*l = 2*b - 4*l - 956. Let o(p) = p**2 + 7*p - 5. Let g be o(-8). Suppose b = g*n + 15. Is n composite?
True
Let z be (8/5)/((-4)/(-230)). Suppose -3*p + z = -82. Is p prime?
False
Let c(h) be the second derivative of -h**4/12 - h**3/3 - 2*h. Let j be c(-2). Suppose 5*d + 25 = j, 2*q - 2*d = 3*q - 21. Is q prime?
True
Suppose 3*b = 10*b - 1477. Is b prime?
True
Suppose 0 = 3*q + 15, -4*d - 1 = -3*q + 4*q. Is d*-26*65/(-10) a composite number?
True
Let h(n) be the third derivative of -1/60*n**5 + n**2 - 1/2*n**3 + 0*n + 0 + 3/8*n**4. Is h(7) composite?
False
Suppose 2*w + 3*r = -3*w + 693, 5*w - 689 = -4*r. Let j = -58 + w. Is j a composite number?
False
Let q = 2519 - 960. Is q a composite number?
False
Is 4/8 - 1122*(-10)/8 a composite number?
True
Let x(f) = 24*f**2 + f - 4. Let r be x(3). Let m = r - 60. Is m a composite number?
True
Let i = -126 + 290. Let z = i - 97. Is z a prime number?
True
Suppose 3*j + 5*k = 851, -5*j - 130 = 3*k - 1527. Is j prime?
True
Let g = 1 + 1. Let f(s) = -s**2 - s + 2. Let o(b) = 2*b**2 - 3. Let j(n) = g*o(n) + 3*f(n). Is j(5) a prime number?
False
Suppose -n + 0 = -1. Let l be (0 - n)/((-3)/9). Let j = 7 - l. Is j prime?
False
Let n = -248 + 387. Is n a composite number?
False
Let v be -4*2/((-6)/(-3)). Let l = -1 - v. Suppose -a - 46 = -l*a. Is a a composite number?
False
Let n(m) = 16*m**2 - 3*m - 6. Is n(5) composite?
False
Let q = 36 - -11. Let u = -28 + q. Suppose l + 2*h - u - 30 = 0, l + h = 51. Is l a composite number?
False
Let t be (2 + 4)/(-3) + 4. Suppose -l = t*l. Suppose 4*n + 5*k - 288 = l, 4*n - 4*k + 98 = 422. Is n a prime number?
False
Let k be 3/27*3*-6. Is 1664/4 + (-6)/k a composite number?
False
Suppose 0 = 4*w - 24 - 16. Is w/(-3)*(0 - 3) composite?
True
Suppose 5*l = 2*l. Suppose l = -5*q + 3*u + 136 + 58, -3*q = 4*u - 128. Suppose q = 4*g - 0*g. Is g a prime number?
False
Let s(j) = 3*j**2 - 2*j + 4. Let i be s(-3). Suppose -i = -4*z + 15. Is z a composite number?
False
Is (-43)/(2/(2/(-1))) a prime number?
True
Let j be 1401/(-21) - (-2)/(-7). Suppose -14 = 7*u + 7*u. Is (j/(-2))/(u/(-2)) a composite number?
False
Let f be 43/(-9) - (-6)/(-27). Let m = -13 - f. Let b = 11 - m. Is b a composite number?
False
Let s(y) = 5*y**2 + 2*y - 7. Is s(6) a prime number?
False
Let z(j) = 9*j**2 + j**3 + 3*j - 4*j**2 - 2 - 4*j. Let n be z(-5). Suppose -7*c + 76 = -n*c. Is c a composite number?
False
Suppose -951 = -14*x + 743. Is x prime?
False
Let f(t) = -t**3 + 3*t**2 + t - 3. Let r be f(3). Suppose -182 = -2*m + 4*w, 5*m + r*w - 447 = 2*w. Is m a composite number?
False
Suppose 0 = -z + 5*z - 2*c - 858, 2*c + 424 = 2*z. Is z prime?
False
Is (-4665)/(-20) + (-1)/4 prime?
True
Let p(a) = a**2 + 9*a + 8. Let t be p(-8). Suppose t = 3*y - d - 561, 4*y - 421 = 4*d + 327. Is y a composite number?
True
Let x = 238 - 66. Suppose x = 4*u + g + 4*g, -4*u + 168 = 4*g. Let a = u + -19. Is a a prime number?
True
Let r = -2480 - -5433. Is r composite?
False
Let k(n) = -96*n - 1. Is k(-3) prime?
False
Let r = 17 + -12. Suppose -1532 = -4*x - 2*u, -u = r*x - 0*u - 1921. Suppose -b + x = 4*b. Is b composite?
True
Let k(c) = 4*c**2 - 4*c + 1. Is k(4) composite?
True
Let l be 4/(-5)*(-15)/(-3). Let b be (1 - 1273)*l/(-8). Is b/(-8)*4/6 composite?
False
Suppose -g - 108 = -2*m, 106 = 3*m - 2*g - 54. Is m - (-2)/((-4)/(-6)) composite?
False
Suppose -4*u = -6*u. Suppose 3*x = -u*x + 129. Is x a prime number?
True
Suppose -m - 13 = -4*w - w, -3*m = -5*w + 9. Suppose -m*k + 4*k - 514 = 0. Is k composite?
False
Let i(k) = 141*k**3 - k + 1. Let h be i(1). Let q = -64 + h. Is q composite?
True
Let n be (-43)/((-2 - 2)/80). Suppose -5*t - 45 = -n. Is t a composite number?
False
Let d(o) = 13*o - 24. Is d(35) prime?
True
Suppose 5 = -5*a, -5*f = -2*a - 0*a - 17. Suppose -108 = -f*o - 0*o. Let n = o + 22. Is n composite?
True
Let d(u) = -9*u**2 + 8*u - 8. Let f(t) = -8*t**2 + 7*t - 7. Suppose -5 = -2*p + 5. Let x(n) = p*d(n) - 6*f(n). Is x(3) a composite number?
False
Let p(h) = 2*h**3 - 7*h**2 - 4*h - 7. Is p(6) a prime number?
True
Suppose -5*t + 24 = -6. Let u be 76*(9/3)/t. Let r = 57 + u. Is r prime?
False
Let s be 6*-3*(-3)/18. Suppose 3*o = s*u + 4*o - 18, 4*u - 35 = -5*o. Is (u/2)/(3/42) a prime number?
False
Let c = -11 + 13. Suppose 1349 - 175 = c*a. Is a prime?
True
Suppose -2*k = k - 12. Suppose -273 = -k*d + 23. Is d a composite number?
True
Let y = 66 + -121. Is (1/(-1))/(5/y) a composite number?
False
Suppose -4*r + 1272 + 2084 = 0. Is r composite?
False
Let z(h) = -h**2 - 7*h - 6. Let v be z(-6). Suppose -4*r - 97 = -o - v*r, -5*r = -4*o + 432. Is o prime?
True
Let y(t) = -7 + t + 11 - 2*t. Let m be y(3). Is (10 - 1 - -1) + m a prime number?
True
Suppose -2*m + 95 = 3*m. Is m prime?
True
Let i(x) = -x**2 + 5*x + 6. Let s be i(6). Suppose -2*z + 75 - 3 = s. Suppose -u + z = 3*u. Is u prime?
False
Let l(m) = -m**2 + 4*m + 2. Let u be l(4). Let w be u/(7/5 - 1). Suppose 3*i - 5*j = 603, 277 - 1282 = -w*i + j. Is i prime?
False
Suppose -5*k = -0 + 15. Let m = -12 - -18. Is 2/k + 1342/m composite?
False
Is 508 + (-2 - (-3)/(-3)) a composite number?
True
Suppose -3*k - 12 = 0, -3*a + 0*k = 3*k. Suppose -g = a*d - 8, 5*g + 2 - 27 = -5*d. Suppose 1 - g = -v. Is v a composite number?
False
Let k(f) be the first derivative of f**4/12 - f**3/2 - 7*f**2/2 + f - 1. Let l(h) be the first derivative of k(h). Is l(5) a prime number?
True
Let a = -25 - -236. Is a composite?
False
Suppose 7*q - 3195 = 2*q + 4*g, 0 = -q + 3*g + 650. Is q a composite number?
True
Let s(t) = -t**2 - 4*t - 6. Let g(o) = 1. Let a(l) = 5*g(l) - s(l). Is a(-8) a composite number?
False
Suppose 2*a = a + z + 35, 2*z = a - 35. Let p = a - 21. Is 1270/p + 6/21 a prime number?
False
Let y(g) = -2*g + 163. Is y(0) composite?
False
Suppose o + 132 = t, 0 = -2*t - 2*t + 2*o + 518. Suppose -v = -5*x + t, -15 = -x - 5*v + 26. Is (-3 - -2)/((-2)/x) prime?
True
Suppose 21*y - 319 = 20*y. Is y prime?
False
Let d = -1 - -3. Suppose d*r + 3*h - 1 = 5, 5*r = -3*h + 33. Is r prime?
False
Is 4677/9 + -2 + 12/9 a prime number?
False
Let d(u) = 6*u**2 - 2*u - 3. Let x be d(5). Let i = -60 + x. Is i a composite number?
True
Let w(z) = z. Let a(j) = -4. Let t(y) = -a(y) + w(y). Let o = -5 + 3. Is t(o) a composite number?
False
Suppose 2*x + 258 = -4*q, -5*q + 0*q = -2*x - 240. Is x/(-5) - 1*2 a composite number?
False
Let i(v) = 84*v + 1. Is i(8) a prime number?
True
Let s = 9274 - 6275. Is s a composite number?
False
Let h(r) = 4*r**2. Let n be h(-1). Suppose 5*o + n*l + 295 = 0, 5*l + 134 + 43 = -3*o. Let u = o + 128. Is u a composite number?
True
Is 7 + -6 + (155 - -1) a composite number?
False
Let x(i) = 4*i + 1. Let c be x(1). Suppose -c*n = -458 + 73. Is n prime?
False
Let p be (-1 + 7)/2 + 217. Let b = -155 + p. Is b a prime number?
False
Suppose 4*q - 203 = -75. Is (-2 + q)*2 + 2 a prime number?
False
Is (-1543)/(-15) + 8/60 a prime number?
True
Suppose 11*l - 1110 = 5*l. Is l composite?
True
Let y(n) = 5*n**3 - n**2 + 2*n - 1. Let a = -7 - -8. Let d be y(a). Let m(h) = 5*h**2 + h - 3. Is m(d) prime?
True
Suppose -99 = -3*n - 3*h, 2*h + 2*h - 20 = 0. Is 354/4*n/6 a composite number?
True
Suppose k = 5*k + 16. Let j(w) = -4*w**2 + 5*w + 2. Let x be j(k). Let b = -35 - x. Is b composite?
False
Let f = 549 - -1082. Is f composite?
True
Let z = -1 + 1. Suppose -546 = -z*g - 2*g. Suppose 0*s - g = -3*s. Is s prime?
False
Suppose 4*i - 3*y - 1357 = -0*i, -3*i - 4*y + 1024 = 0. Let a(h) = -21*h**2 + h + 3. Let f be a(3). Let r = f + i. Is r composite?
False
Suppose -2*x + 25 = 3*p - 15, 0 = x + 3*p - 20. Is (-10)/x*31*-2 a prime number?
True
Suppose -3*m - 2245 = -8*m. Is m a prime number?
True
Let o(s) = 30*s - 2. Let d be o(8). Let p = -107 + d. Is p prime?
True
Suppose -r + 1 + 327 = 3*h, -2*h + 227 = -r. Let j(f) = f**3 - 16*f**2 - f + 16. Let z be j(16). Suppose -2*a - a + h = z. Is a a composite number?
False
Let h(p) = 2*p - 2. Let y be 10/4 + 1/2. Let u be h(y). Is (-2)/8 + 197/u a prime number?
False
Suppos